. Determine j(-1).
3
Let s(u) = -2*u**2 - 9*u - 9. Calculate s(-7).
-44
Let t(i) = -i**2 + 4*i + 16. Determine t(7).
-5
Let z(u) = 4*u**2 - 6*u - 3. What is z(-2)?
25
Let a(c) = -13*c**3 - 2*c**2 + 2*c - 1. Determine a(1).
-14
Let m(f) = f**3 - 9*f**2 + 18*f - 90. What is m(8)?
-10
Let f(m) = m**3 - 5*m**2 + m. Determine f(4).
-12
Let g(t) = -6*t**2 + 40*t + 14. What is g(7)?
0
Let m(k) = k + 10. Determine m(-8).
2
Let o(t) = 9*t - 16. Determine o(2).
2
Let i(m) = -m**2 - 38*m + 83. Calculate i(-40).
3
Let o(i) = 87*i + 96. Determine o(-1).
9
Let g(y) = y + 14. Determine g(8).
22
Let f(y) = y**3 + 16*y**2 - 9. What is f(-16)?
-9
Let i(u) = u**3 + 6*u**2 - 4*u + 10. Give i(-7).
-11
Let o(g) = 2*g**3 - g**2 - 2*g - 1. Determine o(-1).
-2
Let j(i) = -2*i**3 + 60*i**2 - 60*i + 12. Calculate j(29).
-46
Let f(w) = 2*w**2 - w + 3. Calculate f(-2).
13
Let l(g) = g**3 - 9*g**2 + 13*g - 2. Give l(7).
-9
Let t(d) = 21*d + 35. Calculate t(-2).
-7
Let r(u) = u**3 - 12*u**2 - 13*u - 20. Calculate r(13).
-20
Let t(x) = x**3 + 10*x**2 - x - 5. Determine t(-10).
5
Let k(w) = 53*w**3 + w**2 - w + 1. Give k(1).
54
Let f(t) = 182*t - 547. Calculate f(3).
-1
Let r(f) = f**2 - 8*f - 11. What is r(9)?
-2
Let r(m) = 4*m - 114. Give r(17).
-46
Let y(o) = o**2 - 2*o + 10. What is y(7)?
45
Let o(m) = -7*m + 26. What is o(5)?
-9
Let q(z) = 3*z + 4. What is q(-9)?
-23
Let n(w) = 2*w + 1. Give n(3).
7
Let y(c) = 3*c - 23. Determine y(6).
-5
Let f(a) = 2*a + 74. What is f(-34)?
6
Let f(y) = -y**3 + 2*y - 1. Give f(3).
-22
Let v(d) = -d**3 - 7*d**2 - 7*d - 1. What is v(-2)?
-7
Let v(u) = -u**2 + 9*u + 29. Determine v(-3).
-7
Let b(c) = 3*c**2 + 3*c - 2. Calculate b(-4).
34
Let f(o) = 4*o + 9. Determine f(-6).
-15
Let f(p) = -p**3 - 6*p**2 + 10*p + 26. Give f(-7).
5
Let m(y) = -4*y + 9. Give m(5).
-11
Let p(h) = 11*h + 593. Determine p(-54).
-1
Let j(c) = c - 4. Give j(5).
1
Let u(j) = -17*j. Determine u(-3).
51
Let m(p) = -p**2 - 12*p - 20. Determine m(-9).
7
Let r(p) = p**2 - 9*p + 11. Give r(7).
-3
Let n(g) = -4*g**2 + 102*g - 57. Give n(25).
-7
Let h(s) = -s**3 + 14*s**2 - 3*s + 32. Give h(14).
-10
Let w(o) = -2*o**2 + 3*o + 1. Determine w(-1).
-4
Let o(x) = -5*x - 1. Determine o(-6).
29
Let w(k) = 2*k**2 - k - 80. Give w(7).
11
Let s(k) = k**3 - 12*k**2 - 11*k - 9. What is s(13)?
17
Let x(a) = 4*a + 184. Give x(-46).
0
Let w(r) = -3*r**2 + 2*r + 3. Give w(2).
-5
Let i(n) = 5*n**3 - 27*n**2 + 10*n - 11. What is i(5)?
-11
Let t(u) = -5*u - 2. Determine t(-1).
3
Let f(i) = 4*i - 10. Calculate f(6).
14
Let u(h) = -h**3 - 13*h**2 + h + 19. What is u(-13)?
6
Let y(r) = -4*r - 101. What is y(-12)?
-53
Let s(t) = t**3 - 11*t**2 - 14*t + 3. Calculate s(12).
-21
Let o(d) = -5*d**3 + 17*d**2 - 6*d. What is o(3)?
0
Let o(b) = b - 8. What is o(-2)?
-10
Let d(u) = u**2 + 4*u - 1. Give d(-5).
4
Let u(b) = -2*b**3 - 2*b**2 + b - 4. Determine u(2).
-26
Let o(n) = n**2 + n - 24. Give o(-10).
66
Let i(k) = -61*k**2 - 2. Calculate i(-1).
-63
Let s(h) = -h**3 + 8*h**2 + 10*h - 12. Determine s(9).
-3
Let o(c) = c**3 - 10*c**2 + 24. What is o(10)?
24
Let x(k) = -k**3 + 32*k**2 + 30*k + 101. Calculate x(33).
2
Let b(y) = -58*y - 13. Give b(-2).
103
Let d(i) = i**2 - 11*i + 15. Calculate d(9).
-3
Let q(a) = -3*a + 62. Give q(19).
5
Let d(c) = -c**3 - 18*c**2 - c + 34. Give d(-18).
52
Let t(h) = h**3 - 3*h - 3. Calculate t(-2).
-5
Let g(v) = -9*v + 3. Determine g(4).
-33
Let x(c) = 11*c**3 - c**2 - 1. Calculate x(1).
9
Let j(s) = -26*s - 59. Calculate j(-3).
19
Let f(h) = 21*h - 1275. Determine f(61).
6
Let x(k) = -2*k - 2. Give x(2).
-6
Let r(g) = -4*g. Calculate r(-3).
12
Let a(c) = -2*c**3 + 33*c**2 + 18*c - 9. What is a(17)?
8
Let l(s) = -s**2 - 16*s + 8. Determine l(-15).
23
Let j(h) = -h**3 + 19*h**2 - 15*h - 41. What is j(18)?
13
Let z(q) = 15*q**3 - q**2 + q - 1. Determine z(1).
14
Let u(r) = r**3 - 8*r**2 + 14*r + 2. Determine u(6).
14
Let i(m) = m**3 + 9*m**2 + 7*m + 4. Determine i(-9).
-59
Let n(a) = -a**2 + 2*a - 5. What is n(6)?
-29
Let h(p) = p**3 + 6*p**2 - 3*p + 23. Calculate h(-7).
-5
Let r(o) = -o**3 + 2*o**2 + 51*o + 18. Give r(-6).
0
Let u(i) = -i**3 + 7*i**2 - 9*i + 12. Determine u(6).
-6
Let f(r) = 12*r - 3. Calculate f(2).
21
Let q(m) = -m**3 - 2*m + 16. Determine q(0).
16
Let k(q) = -3*q - 4. What is k(-5)?
11
Let t(m) = -2*m**3 - 5*m**2 + 3*m + 5. Give t(-4).
41
Let x(k) = 3*k - 23. Give x(7).
-2
Let d(q) = -q**3 + 5*q**2 - 4*q + 1. Determine d(4).
1
Let u(m) = 2*m + 54. What is u(11)?
76
Let d(i) = -4*i**2 + 28*i + 64. What is d(-2)?
-8
Let l(j) = j**3 + 16*j**2 + 13*j - 34. Calculate l(-15).
-4
Let z(w) = -w**3 + 8*w**2 + 9*w - 6. What is z(9)?
-6
Let d(w) = -w + 47. Determine d(16).
31
Let f(j) = -14*j + 15. Calculate f(-1).
29
Let r(x) = x + 3. Determine r(-5).
-2
Let w(y) = -5*y**3 - 3*y**2 - 2*y - 3. Determine w(-2).
29
Let t(l) = -l**3 - 10*l**2 + 10*l - 12. Give t(-11).
-1
Let o(r) = 7*r + 11. Calculate o(-2).
-3
Let m(t) = 7*t**2 + 8*t - 8. Calculate m(1).
7
Let m(x) = 23*x + 17. Determine m(-5).
-98
Let f(x) = -x**3 - 18*x**2 - 11*x + 33. Calculate f(-17).
-69
Let x(b) = b**3 + 4*b**2 - 5*b - 5. Determine x(-5).
-5
Let u(d) = -d**3 - 5*d**2 + 7*d + 7. Give u(-6).
1
Let a(m) = -m**3 + 6*m**2 + m - 4. Determine a(5).
26
Let a(p) = -p**3 + 8*p**2 + p - 18. Give a(7).
38
Let l(h) = -h + 5. Determine l(8).
-3
Let k(v) = 6*v + 22. Give k(-4).
-2
Let u(s) = -2*s + 20. Calculate u(3).
14
Let b(w) = w + 17. Give b(-29).
-12
Let g(o) = o**2 + 6*o - 1. Determine g(-6).
-1
Let x(k) = -9*k - 77. Determine x(-9).
4
Let z(y) = -y**3 - 22*y**2 - 22*y - 30. What is z(-21)?
-9
Let d(w) = w**2 + 7*w + 7. Calculate d(-6).
1
Let a(u) = -5*u - 84. What is a(-14)?
-14
Let k(b) = -b**3 - 3*b**2 - 2*b - 15. Determine k(-4).
9
Let a(t) = t**3 + 14*t**2 + 34*t - 50. What is a(-10)?
10
Let t(x) = 29*x**2 + 23*x + 22. Calculate t(-1).
28
Let p(g) = -4*g**2 - 71*g - 48. What is p(-17)?
3
Let w(b) = -b**3 + 7*b**2 - 2*b + 9. Calculate w(5).
49
Let j(b) = -2*b**3 + 16*b**2 + 19*b - 2. Calculate j(9).
7
Let f(b) = b**3 - 4*b**2 + b - 3. Calculate f(3).
-9
Let d(a) = 3*a**2 - a - 2. Calculate d(-2).
12
Let w(j) = j**3 + 10*j**2 - 12*j - 8. Calculate w(-11).
3
Let w(i) = 2*i**3 - 6*i**2 + 2*i + 5. Give w(4).
45
Let v(m) = 2*m + 25. Determine v(-16).
-7
Let q(c) = 2*c - 19. Determine q(7).
-5
Let c(s) = -14*s**2 - 9*s - 3. Give c(-3).
-102
Let a(v) = -2*v**2 + 38*v - 1. Calculate a(19).
-1
Let a(n) = n**2 + 6*n - 2. Determine a(-9).
25
Let j(w) = w**3 - 6*w**2 - 36*w + 2. Determine j(-4).
-14
Let n(x) = -2*x**2 - 65*x - 31. Calculate n(-32).
1
Let k(d) = d**2 + 3. What is k(5)?
28
Let v(c) = -c**3 + 3*c**2 + 6*c - 3. What is v(5)?
-23
Let c(j) = j. Calculate c(-6).
-6
Let y(v) = -18*v. Give y(4).
-72
Let a(p) = -8*p**3 + p**2 - p + 1. Give a(1).
-7
Let y(r) = 2*r**3 + 50*r**2 + 48*r + 10. Calculate y(-24).
10
Let b(r) = -r**2 + 21*r - 49. Determine b(20).
-29
Let c(q) = -q**2 + 28*q - 129. Determine c(22).
3
Let u(p) = -2*p + 19. What is u(-11)?
41
Let b(g) = g**2 + 4*g - 1. What is b(-7)?
20
Let f(k) = k + 33. Give f(-14).
19
Let b(o) = o**3 - 4*o**2 - o + 7. Calculate b(4).
3
Let o(n) = n**3 - 8*n**2 - 6*n - 11. Give o(8).
-59
Let z(u) = -u**3 + 15*u**2 - 14*u + 16. What is z(14)?
16
Let u(m) = -4*m**2 + 4*m + 7. Give u(-2).
-17
Let v(c) = 2*c**2 + 3*c - 7. What is v(-5)?
28
Let u(b) = -b - 3. Determine u(7).
-10
Let r(i) = -i**2 + 3*i + 6. Calculate r(4).
2
Let y(w) = -5*w**2 - 18*w - 35. Determine y(-4).
-43
Let k(d) = -d - 7. What is k(-7)?
0
Let r(a) = 6*a**3 - 2*a**2 - a. Calculate r(2).
38
Let z(u) = u**2 - 3*u + 1. Determine z(2).
-1
Let r(n) = -3*n**2 - 15*n + 28. Calculate r(2).
-14
Let d(t) = -30*t - 9. Calculate d(1).
-39
Let z(k) = -k**3 - 5*k**2 + 6*k - 2. What is z(-5)?
-32
Let d(n) = -n**3 - 13*n**2 - 13*n - 2. What is d(-12)?
10
Let j(t) = -t + 4. Give j(3).
1
Let k(f) = -f**3 - 17*f**2 + 84*f + 1. Determine k(4).
1
Let c(t) = t**2 - 7*t + 4. What is c(5)?
-6
Let b(x) = -x**3 + 34*x**2 - 2*x + 67. Give b(34).
-1
Let u(r) = -r**3 - 8*r**2 - 5*r + 7. Give u(-7).
-7
Let i(q) = -30*q**3 - 2*q**2 - q. Calculate i(-1).
29
Let t(z) = -2*z - 44. Calculate t(-20).
-4
Let h(v) = -v**2 - 21*v - 10. What is h(-21)?
-10
Let g(x) = -x**3 + 7*x**2 - 2*x - 19. Give g(6).
5
Let y(x) = -5*x +